s the remainder when 88820 is divided by 673?
657
Calculate the remainder when 113946 is divided by 3350.
46
Calculate the remainder when 5023 is divided by 4.
3
Calculate the remainder when 2619 is divided by 64.
59
What is the remainder when 33111 is divided by 40?
31
What is the remainder when 4265 is divided by 6?
5
What is the remainder when 4077 is divided by 1158?
603
Calculate the remainder when 39981 is divided by 392.
389
What is the remainder when 154921 is divided by 113?
111
Calculate the remainder when 12612 is divided by 94.
16
Calculate the remainder when 732048 is divided by 218.
4
What is the remainder when 13437 is divided by 991?
554
Calculate the remainder when 379785 is divided by 7.
0
What is the remainder when 113014 is divided by 17?
15
Calculate the remainder when 7873 is divided by 464.
449
What is the remainder when 10822 is divided by 826?
84
Calculate the remainder when 6000 is divided by 167.
155
What is the remainder when 598366 is divided by 19?
18
What is the remainder when 47474 is divided by 3650?
24
Calculate the remainder when 8885 is divided by 987.
2
Calculate the remainder when 9761 is divided by 70.
31
What is the remainder when 92475 is divided by 61?
60
What is the remainder when 1686 is divided by 102?
54
Calculate the remainder when 4754 is divided by 33.
2
Calculate the remainder when 9250 is divided by 489.
448
What is the remainder when 3101 is divided by 29?
27
What is the remainder when 47194 is divided by 22?
4
Calculate the remainder when 28174 is divided by 36.
22
What is the remainder when 99720 is divided by 11?
5
Calculate the remainder when 65851 is divided by 65824.
27
What is the remainder when 218916 is divided by 4975?
16
What is the remainder when 15562 is divided by 72?
10
Calculate the remainder when 10236 is divided by 1277.
20
What is the remainder when 90574 is divided by 17?
15
What is the remainder when 177509 is divided by 88748?
13
Calculate the remainder when 19510 is divided by 574.
568
What is the remainder when 19517 is divided by 37?
18
Calculate the remainder when 20087 is divided by 2785.
592
What is the remainder when 5805 is divided by 5745?
60
What is the remainder when 6473 is divided by 93?
56
What is the remainder when 13076 is divided by 280?
196
What is the remainder when 158580 is divided by 344?
340
What is the remainder when 300818 is divided by 5?
3
Calculate the remainder when 54312 is divided by 1065.
1062
Calculate the remainder when 7901 is divided by 458.
115
What is the remainder when 51488 is divided by 478?
342
What is the remainder when 75382 is divided by 40?
22
What is the remainder when 6894 is divided by 860?
14
Calculate the remainder when 81896 is divided by 52.
48
Calculate the remainder when 187548 is divided by 150.
48
Calculate the remainder when 102910 is divided by 100.
10
Calculate the remainder when 480682 is divided by 80112.
10
Calculate the remainder when 1617413 is divided by 1448.
1445
What is the remainder when 335259 is divided by 508?
487
Calculate the remainder when 273320 is divided by 11.
3
Calculate the remainder when 5267 is divided by 17.
14
Calculate the remainder when 15598 is divided by 15518.
80
What is the remainder when 226238 is divided by 70?
68
Calculate the remainder when 2626825 is divided by 656704.
9
Calculate the remainder when 691411 is divided by 27.
22
Calculate the remainder when 331882 is divided by 5.
2
What is the remainder when 13000 is divided by 178?
6
What is the remainder when 16830 is divided by 733?
704
Calculate the remainder when 3452 is divided by 684.
32
Calculate the remainder when 12044 is divided by 793.
149
Calculate the remainder when 6411 is divided by 279.
273
What is the remainder when 622496 is divided by 25?
21
What is the remainder when 5806 is divided by 2754?
298
What is the remainder when 8924 is divided by 1257?
125
What is the remainder when 9214 is divided by 2284?
78
Calculate the remainder when 48728 is divided by 212.
180
Calculate the remainder when 5192 is divided by 1004.
172
Calculate the remainder when 1636 is divided by 27.
16
Calculate the remainder when 5224 is divided by 769.
610
Calculate the remainder when 504152 is divided by 139.
138
What is the remainder when 1389 is divided by 461?
6
Calculate the remainder when 80815 is divided by 85.
65
Calculate the remainder when 33266 is divided by 16633.
0
What is the remainder when 123009 is divided by 5?
4
What is the remainder when 28164 is divided by 9375?
39
What is the remainder when 394 is divided by 304?
90
Calculate the remainder when 90295 is divided by 391.
365
What is the remainder when 17823 is divided by 5812?
387
What is the remainder when 2154 is divided by 690?
84
What is the remainder when 328 is divided by 173?
155
Calculate the remainder when 7228 is divided by 802.
10
What is the remainder when 8378 is divided by 1394?
14
What is the remainder when 74737 is divided by 946?
3
What is the remainder when 3131 is divided by 42?
23
What is the remainder when 4018 is divided by 815?
758
What is the remainder when 1857 is divided by 263?
16
What is the remainder when 36357 is divided by 36320?
37
Calculate the remainder when 30792 is divided by 98.
20
Calculate the remainder when 1687 is divided by 134.
79
What is the remainder when 3747 is divided by 144?
3
What is the remainder when 1354591 is divided by 55?
51
What is the remainder when 1079 is divided by 27?
26
What is the remainder when 85993 is divided by 17198?
3
What is the remainder when 30608 is divided by 241?
1
What is the remainder when 603 is divided by 163?
114
Calculate the remainder when 1059173 is divided by 25.
23
What is the remainder when 21056 is divided by 370?
336
Calculate the remainder when 131517 is divided by 64.
61
Calculate the remainder when 1023222 is divided by 65.
57
What is the remainder when 17966 is divided by 1123?
1121
What is the remainder when 13243 is divided by 74?
71
What is the remainder when 59352 is divided by 29673?
6
Calculate the remainder when 21938 is divided by 627.
620
Calculate the remainder when 136672 is divided by 55.
52
Calculate the remainder when 20402 is divided by 6792.
26
What is the remainder when 17990 is divided by 672?
518
Calculate the remainder when 3112 is divided by 192.
40
Calculate the remainder when 4239 is divided by 87.
63
Calculate the remainder when 35666 is divided by 53.
50
Calculate the remainder when 10252 is divided by 4908.
436
What is the remainder when 948825 is divided by 54?
45
Calculate the remainder when 39816 is divided by 14.
0
Calculate the remainder when 1455 is divided by 24.
15
Calculate the remainder when 7595 is divided by 12.
11
What is the remainder when 310 is divided by 7?
2
Calculate the remainder when 773115 is divided by 18.
15
What is the remainder when 172109 is divided by 94?
89
What is the remainder when 24736 is divided by 24678?
58
Calculate the remainder when 55343 is divided by 20.
3
What is the remainder when 8221 is divided by 634?
613
Calculate the remainder when 32777 is divided by 49.
45
What is the remainder when 4780 is divided by 1067?
512
Calculate the remainder when 60843 is divided by 98.
83
Calculate the remainder when 143488 is divided by 1237.
1233
What is the remainder when 7997 is divided by 1595?
22
Calculate the remainder when 12896 is divided by 9.
8
What is the remainder when 201176 is divided by 176?
8
What is the remainder when 1947 is divided by 53?
39
What is the remainder when 1043 is divided by 179?
148
Calculate the remainder when 14144 is divided by 18.
14
Calculate the remainder when 10764 is divided by 1861.
1459
Calculate the remainder when 9000 is divided by 120.
0
What is the remainder when 164933 is divided by 22?
21
Calculate the remainder when 65817 is divided by 159.
150
What is the remainder when 352882 is divided by 89?
86
What is the remainder when 1403 is divided by 270?
53
What is the remainder when 22570 is divided by 1879?
22
What is the remainder when 2053 is divided by 250?
53
What is the remainder when 457246 is divided by 11?
9
Calculate the remainder when 15455 is divided by 734.
41
Calculate the remainder when 16153 is divided by 32.
25
Calculate the remainder when 9031 is divided by